r of 26 and j.
13
Suppose -8*u = -10*u - 6. Let z be (-6)/4*4/u. Calculate the greatest common factor of z and 4.
2
Let x(b) be the first derivative of -b**2/2 + 26*b - 8. Let m be x(18). What is the greatest common factor of 12 and m?
4
Let l = -15 + 21. Let b be (2/5)/((-1)/(-5)). Suppose 2*i + i = 3*m + 81, -b*i - 5*m = -75. What is the highest common factor of l and i?
6
Suppose 7*r - 2*r = -595. Let w be (-1)/(r/(-120) - 1). Calculate the greatest common divisor of 15 and w.
15
Let m be (-2)/3*3 - -2. Suppose -2*n - n = -4*l - 37, 2*l + 8 = m. Let s(d) = 2*d**2 + 3*d - 2. Let o be s(5). What is the highest common divisor of n and o?
7
Let s = 3 - 1. Suppose 2*h - h + s = 0. Let f = 9 - h. Calculate the greatest common factor of 1 and f.
1
Suppose 0*c + 2*d = 4*c - 260, 3*c - 195 = 3*d. What is the greatest common factor of c and 13?
13
Let g = 78 - 52. What is the highest common factor of 234 and g?
26
Suppose -23*r + 22*r = -9. What is the highest common divisor of r and 3?
3
Let j be 66/16 + 1/(-8). Calculate the highest common divisor of j and 8.
4
Suppose 260 = 10*y - 10. Let j(x) = -x**2 + 3*x. Let k be j(4). Let s = k + 22. What is the highest common factor of s and y?
9
Let u be 9/6*16/3. Let m(p) = -u + 4*p - 2 - 1 - 2*p. Let g be m(8). What is the highest common factor of g and 5?
5
Suppose 2*d = 3 - 1. Suppose -2*c = -8 - 8. Calculate the greatest common divisor of d and c.
1
Let f(p) = -p**2 + 8*p - 2. Suppose 2*i = 4*g - 16, 2*g + i - 10 = g. Let o be f(g). Suppose 2 = 4*j - o. Calculate the highest common factor of j and 27.
3
Suppose 35 = -4*n + 3*n. Let y = n - -53. Calculate the greatest common factor of 45 and y.
9
Let m(o) = o**3 - 16*o**2 - 18*o + 42. Let q be m(17). Calculate the greatest common divisor of 50 and q.
25
Let n(v) = -v**2 + v + 2. Let j be n(4). Let k = j - -230. What is the greatest common factor of 20 and k?
20
Let v(b) = -b**3 - 9*b**2 + 10*b + 6. Let j be v(-10). Let t be 6 - (-1*j)/2. Calculate the greatest common factor of 99 and t.
9
Let v = -2 + 20. Calculate the highest common divisor of v and 54.
18
Let h(s) = -8*s - 16. Let m be h(-5). What is the highest common factor of m and 60?
12
Let x = -8 - -18. Calculate the highest common factor of 25 and x.
5
Let p = 435 + -227. What is the highest common factor of 26 and p?
26
Suppose 0 = o + 3*z + 6, -3*z - 6 = 0. Suppose 0 = -5*k - 4*f + 130, k + o*k - 50 = 4*f. What is the highest common divisor of 20 and k?
10
Suppose -n + 2*x = 0, -5*x + 3 = -2. Calculate the greatest common factor of 20 and n.
2
Let w(i) = -i**3 + 4*i**2 + 7*i - 7. Let p be w(4). Calculate the greatest common divisor of 14 and p.
7
Suppose 0 = 5*g + 88 - 8. Let i(l) = -5*l - 9. Let q be i(-8). Let n = q + g. What is the greatest common factor of n and 3?
3
Let b be 3*-1*(-42 + 3). Let l(o) = o**2 + 8*o + 8. Let n be l(-6). Let x be (n - -2)*-1 + 11. What is the greatest common divisor of b and x?
13
Let f be -5*6/(-15) - -12. What is the highest common factor of f and 14?
14
Let u be (-126)/8*304/(-114). What is the highest common factor of 7 and u?
7
Let z(q) = q**2 - 7*q - 3. Let w be z(6). Let i = 0 - w. Let y be (i + -4)/(-1 + 2). Calculate the greatest common divisor of y and 1.
1
Suppose 2*s - s + 1 = 0. Let q be (-7)/((-14)/(-48))*s. What is the highest common factor of q and 3?
3
Suppose 2*x - 4*x - 4*h = 0, -4*x + 2*h = -10. Suppose 0 = 2*y + 10 - 0. Let v = x - y. What is the highest common factor of v and 7?
7
Let f be 24/3*13/4. Let d(c) = -c**3 - 6*c**2 + 4*c - 8. Let h be d(-7). What is the greatest common factor of h and f?
13
Let y = 0 - -2. Let w(a) = 6 - 2*a + 3*a**2 + 5*a - a**y - a**2. Let i be w(-4). Calculate the greatest common factor of 30 and i.
10
Let y be 48 - (2 - (2 + -2)). Calculate the highest common factor of y and 69.
23
Suppose 0 = -b - 5 + 65. Let h be (-2)/(-6) - 1/3. Suppose -k + 15 = -h*k. What is the greatest common factor of b and k?
15
Let h = 34 + 8. Let b(l) = l - 3. Let a be b(9). What is the greatest common divisor of a and h?
6
Let z = -1 - -2. Let l(n) = n**3 - 8*n**2 + 10*n - 13. Let b be l(7). Calculate the greatest common divisor of b and z.
1
Suppose -m = -2*m + 3. Let l = 9 + -9. Let g(q) = q**3 + q**2 - q + 1. Let j be g(l). What is the greatest common factor of j and m?
1
Let m = 102 - 25. Calculate the highest common divisor of m and 7.
7
Let z be (-2)/(-7) - 2012/(-14). Let g = -46 + 62. Calculate the highest common factor of z and g.
16
Let z(m) = m. Let p(x) = -2*x**2 + 5*x + 4. Let g(y) = -p(y) + 2*z(y). Let b be g(4). What is the highest common factor of b and 16?
16
Let q(r) be the third derivative of r**4/6 + 3*r**2. Let p be q(1). What is the greatest common factor of 10 and p?
2
Suppose -1 + 37 = 3*z. Calculate the greatest common factor of z and 6.
6
Let p be 914/14 + (-6)/21. Calculate the greatest common divisor of p and 13.
13
Suppose -4*c + 102 + 118 = 0. Suppose -3*f = 3*j - 66, -3*j + 45 + c = 5*f. Calculate the highest common factor of f and 51.
17
Let x = -128 + 236. Let k(r) = 4*r**2 + 23*r + 55. Let y be k(-4). Calculate the greatest common factor of y and x.
27
Let h = -20 - -10. Let w = h + 14. Suppose 0 = w*a - y - 43, -a - 4 = -y - 17. Calculate the highest common factor of a and 70.
10
Let m(w) = -w + 18. Let y be m(9). Suppose 0 = 4*d - y - 23. Calculate the highest common factor of 1 and d.
1
Let p(i) = -4*i**3 + i**2 + i + 1. Let m be p(-1). Let c = m - -47. What is the greatest common divisor of c and 13?
13
Suppose -9*r + 5 = -4*r. What is the highest common factor of 1 and r?
1
Let u be (-2 - -4) + (22 - 0). What is the highest common divisor of u and 8?
8
Suppose 5*n + 21 - 71 = 5*l, -5*n = l - 74. Calculate the highest common factor of n and 28.
14
Let u(p) = p**2 - 4*p - 3. Let x be u(-3). What is the greatest common divisor of 72 and x?
18
Let p = -42 + 133. What is the greatest common divisor of 7 and p?
7
Let h be 62 + (-2)/((-8)/12). What is the greatest common factor of h and 13?
13
Let m(b) be the second derivative of 5*b**3/3 - 3*b**2/2 - 3*b. Let g be m(2). What is the highest common divisor of g and 85?
17
Let p(f) = 7*f**3 + f**2. Let u be p(1). Suppose -2*m + u*t + 75 = 5*t, -t = 4*m - 185. What is the greatest common divisor of 5 and m?
5
Let c(r) = -44*r - 28. Let v be c(-2). Calculate the greatest common divisor of v and 36.
12
Let s be (-2 - 0)/(2/(-16)). Suppose s = -2*u + 4*v, -3*v - 21 = 3*u - 8*v. Let r be -1*(0 - u) - -67. Calculate the greatest common factor of 13 and r.
13
Suppose -o - 295 = -2*o. Calculate the greatest common divisor of 118 and o.
59
Let x be (-111)/(-12) + 2/(-8). Suppose 36 = 3*o + o + 2*z, o - x = 2*z. Calculate the greatest common divisor of o and 27.
9
Suppose -5*z = -2*y + 11, 2*z - 1 = -y - 0*z. Calculate the highest common divisor of 21 and y.
3
Let x = 68 + -56. What is the highest common divisor of 108 and x?
12
Suppose 2*r - 6 = r. Suppose 2 = v + 1. Suppose -4*n + 13 = v. What is the highest common factor of n and r?
3
Let o = -159 - -83. Suppose 2*v + h + 71 = 0, 3 = 4*h - 9. Let r = v - o. Calculate the greatest common factor of r and 13.
13
Suppose 3*n = -p - 15, -2*p - 15 = 3*n - 0*n. Suppose p = -3*x + 49 - 13. Calculate the highest common factor of 2 and x.
2
Let v(z) = z - 2. Let b be (-60)/18*12/(-5). Let w be v(b). Suppose w*t - 3*t - 21 = 0. What is the highest common divisor of 28 and t?
7
Let m be (1 - 0) + 240/2. Suppose 0 - 33 = -3*h. Calculate the greatest common divisor of m and h.
11
Suppose 0 = -t + 8 + 1. Suppose 4 = 4*q - 4. Suppose y = q - 1. What is the greatest common divisor of y and t?
1
Suppose -3*i = 1 - 7. Suppose -i*t = -t - 81. Calculate the highest common factor of t and 9.
9
Suppose 5*t = 75 - 5. Calculate the greatest common divisor of t and 70.
14
Let d = 25 - 13. Let w(z) = z + 87. Let a be w(0). Suppose -o + 0*y + d = -4*y, -3*o = 5*y - a. Calculate the greatest common divisor of o and 8.
8
Suppose -3*h + 647 = -2*z, 0 = -0*h + h - 5*z - 220. Calculate the highest common factor of h and 43.
43
Suppose -4*k - 111 = -a, 0 = a - 3*k - 29 - 79. Calculate the highest common divisor of 9 and a.
9
Let j(s) = 3*s - 16. Let n be j(6). Suppose 5*i - f = 4*f + 35, 4*f = -3*i + 28. Calculate the greatest common